 factor of 9 and m.
9
Let w(v) = v**3 - 16*v**2 - 15*v - 7. Let c be w(17). Let k be (((-3)/9)/(1/18))/((-6)/621). Calculate the highest common divisor of c and k.
27
Suppose 23 + 1 = c. Suppose -14 = t - 5*v, 2*t - 2*v + 1 = 5. Suppose 3*k = -z + 9, 2*k - 8 + t = 0. What is the greatest common factor of c and z?
6
Suppose 0 = 7*c + 112 + 140. Let s = -19 - c. Suppose s*p = 13*p + 1064. What is the highest common factor of 38 and p?
38
Let k = 7495 - 7231. What is the greatest common factor of 1364 and k?
44
Suppose 632 + 4288 = 2*y. What is the highest common factor of 60 and y?
60
Suppose 2678 - 197 = 3*x. Let h = x + -443. What is the greatest common factor of 24 and h?
24
Suppose -98 + 213 + 325 = 8*k. What is the highest common factor of 473 and k?
11
Suppose -6*m + 51907 = 7*m + 4*q, m + 3*q - 4009 = 0. Calculate the greatest common factor of m and 13.
13
Suppose 4*m - 3560 = 2*a + 472, -5*a = 5*m - 5025. What is the highest common factor of m and 1113?
53
Let c = -126 + 63. Let k = c + 52. Let w be (-15 - k)/((-1)/2). Calculate the highest common factor of 40 and w.
8
Suppose 64 + 1448 = -7189*d + 7207*d. Calculate the greatest common divisor of 14154 and d.
42
Suppose 0 = l - 3*w - 41, -4*l - 3*w + 11 + 108 = 0. Let q = l + -15. Calculate the highest common factor of 187 and q.
17
Let u be 76 + (-4)/(-4)*-5. Suppose 2*m + 5*f - 107 = 0, 5*m - 3*f = 181 + u. What is the highest common divisor of m and 17?
17
Let h = -268 + 271. Suppose -5*q = -2*i + 12, h*i + q = 26 + 9. What is the greatest common factor of i and 99?
11
Let z = 4320 + -4296. Calculate the highest common divisor of z and 543.
3
Suppose 0*n = -4*b - 5*n - 13, -b - n = 2. Let t(f) = -7 - 2*f + 8 + 7 - b*f + f**2. Let l be t(5). Calculate the greatest common divisor of l and 88.
8
Let q be (382/(-6) - -3)/(15 - 423/27). Let o be 20/(-5) + 4 - -49. Calculate the highest common divisor of q and o.
7
Suppose -r = -6*r + 15. Suppose v - 18 = 2*d, 19*v = 16*v + r*d + 51. Calculate the highest common divisor of 40 and v.
8
Let k be (15/(-12))/(-5)*-1218*(-756)/441. Calculate the greatest common divisor of 162 and k.
18
Suppose 3*y = -2*y + 295. Let g = 13252 + -13193. What is the greatest common factor of g and y?
59
Let z(c) = 118*c - 2592. Let u be z(22). Calculate the greatest common factor of 722 and u.
2
Suppose 0 = -n + 3*j - 2*j + 48, 4*j = 2*n - 102. Suppose -14*c + 313 + 191 = 0. What is the greatest common divisor of n and c?
9
Suppose -19163 = 4*t - 19383. Calculate the highest common divisor of t and 154.
11
Let v be (-187)/(1/1*((-135)/(-198))/(-15)). Calculate the highest common factor of 408 and v.
34
Let r(z) = 3*z**2 + 5*z - 4. Let q be r(-4). Suppose o = -2*n + q, 8 = n - o + 2. Suppose -3320 = -170*d + 4*d. What is the greatest common factor of n and d?
10
Suppose 70*w - 17*w + 2385 = 0. Let y be (117 + w)/((-2)/(-1)). What is the highest common factor of 300 and y?
12
Suppose 586 = -3*m + 5*j, m + 25 = -2*j - 185. Let l = m - -207. Calculate the greatest common divisor of l and 80.
5
Let d(v) = -83*v**3 - v. Let s be d(-1). Suppose -204 = -25*f + 496. What is the highest common divisor of f and s?
28
Let i be (((-378)/8)/1)/((-132)/352). Let r(v) = i*v**2 - 127*v**2 - v + 1 + 6. Let q be r(2). Calculate the highest common factor of q and 13.
1
Suppose 5*w = 3*t + 277, 0 = -2*w - 0*w - t + 113. Suppose -w - 42 = -m. Suppose -20 + 1392 = 70*s + 28*s. Calculate the greatest common factor of m and s.
14
Let a be 20/(-6)*(-42)/35. Let w be a/(-7) - (-1700)/35. Calculate the highest common divisor of 108 and w.
12
Let c(p) = 396*p**2 - 29*p + 26. Let h be c(1). Calculate the highest common divisor of 4192 and h.
131
Let f = -12 + 40. Suppose -770 + 5 = 17*k. Let y be 44/6 - (-15)/k. Calculate the highest common divisor of y and f.
7
Let w = 145 - 136. Suppose 54 = 3*x + 3*j + w, 4*x + j - 51 = 0. What is the greatest common factor of x and 60?
12
Let t = -22236 + 22243. Calculate the highest common divisor of 959 and t.
7
Suppose 493 = -4*w + 3*b + 2567, 0 = -4*w - 3*b + 2086. What is the greatest common factor of 80 and w?
40
Suppose 5 + 10 = 5*d. Suppose -d*c + 22 = 34. Let t be c*(-1 + (-1)/(-4)). Calculate the highest common divisor of t and 27.
3
Let t(n) = -2*n**2 - 36*n + 3. Let x be t(-18). Let b be 285 + 4 + (2 - x). What is the highest common divisor of b and 18?
18
Let f = -9439 + 18199. Calculate the highest common divisor of f and 657.
219
Let h(a) = 3*a**3 - 127*a**2 + 40*a + 134. Let b be h(42). What is the highest common factor of 4490 and b?
10
Let q(m) = 48*m + 2. Let x be q(-2). Let t = -1126 - -1237. Let h = t + x. Calculate the greatest common divisor of 51 and h.
17
Let s(u) = -19*u + 6. Suppose p + 3*p = -12. Let o(t) = -t**2 - 3*t - 3. Let w be o(p). Let h be s(w). What is the greatest common divisor of h and 21?
21
Let w = -14908 - -14917. Let q be (4/10)/((-3)/15). Let j = 38 + q. Calculate the greatest common factor of j and w.
9
Let x = 261 + -279. Let u be ((-44)/(-3))/((-93)/x + -5). What is the greatest common factor of 16 and u?
8
Let z = 35295 + -12583. What is the highest common factor of z and 17?
17
Suppose -11*m + 280 = 60. Let f(k) = 2*k**2 - 37*k - 42. Let x be f(m). What is the greatest common divisor of 18 and x?
18
Let g = -105 - -169. Let s = -2462 - -2460. Let l be 3 + (-1)/(s/g). What is the highest common divisor of l and 14?
7
Suppose 56 = w - 0*w. Let o = 269 + -57. Let t = o - 72. Calculate the highest common divisor of t and w.
28
Suppose 0 = -20*y + 22*y + 40. Let s be y/(-4) - (11 - 361). Calculate the highest common factor of 5 and s.
5
Suppose -5*n = k - 25, -5*n + 125 = 150. Calculate the greatest common factor of 235 and k.
5
Let p(j) = 19*j + 495. Let d(z) = 29*z + 742. Let n(v) = -5*d(v) + 8*p(v). Let k be n(-34). What is the greatest common factor of k and 300?
12
Suppose 7*b + 121432 - 323116 = 0. What is the greatest common divisor of 12 and b?
12
Let h = 131 + -127. Suppose -3*z - 2*o + 10 = 0, h*z + 5*o - 17 = -6. Calculate the greatest common divisor of z and 92.
4
Let w be (-3*1)/(9/12). Let c be (-308)/(-21)*(-6)/w. Let z be (2/((-4)/(-11)))/(318/1908). Calculate the greatest common factor of z and c.
11
Suppose -9 = 3*u, -409*s - 180 = -410*s - 3*u. Let t = 517 - 349. What is the greatest common divisor of t and s?
21
Let v(g) = g**2 + 12*g - 31. Let b be v(-13). Let c be (-6)/(4/(-2)) - b - 1. Calculate the greatest common factor of c and 380.
20
Suppose r = -0*r - 111. Let g = r - -199. Let q = g + -46. What is the greatest common factor of q and 6?
6
Let b be ((-8)/6 - (2072/6)/(-7)) + -2. Let t be 69/2*20/3. What is the highest common divisor of t and b?
46
Suppose -l + 5*u + 67 = 0, -28*u = 2*l - 30*u - 150. Suppose -3*z - 3*b + l = -16, 4*z - 129 = b. What is the greatest common factor of z and 6?
2
Let j(a) = a**3 + 11*a**2 - 63*a - 20. Let x be j(-15). Suppose x*t - 12 = 21*t. What is the highest common factor of 30 and t?
3
Let r = 144 - 142. Suppose -q = -j + 8, -r*j + 28*q + 16 = 30*q. Calculate the highest common factor of 104 and j.
8
Let d(q) = q**2 - 7. Let m be d(-4). Suppose -m*r - 15 = -42. Suppose y + 196 = 2*p + 6*y, 2*p = -r*y + 204. Calculate the highest common factor of p and 12.
12
Let q = 38 + -34. Let a be q + 100 - 3/(-9)*0. Let c = a + -86. What is the highest common factor of 6 and c?
6
Suppose 56 = 2*n + 4*t, n + 2*t = 5*t + 38. Let j be ((-3)/(-2))/((-12)/n)*-2. Suppose 53 - 5 = j*d. What is the greatest common divisor of 42 and d?
6
Let g = -42 - -99. Calculate the highest common factor of 38 and g.
19
Suppose -917 - 253 = -2*x. Suppose 2*w = -7*w + x. What is the highest common factor of w and 52?
13
Let c = 99 + -143. Let k = 45 + c. Let m be 50 - (k - -1 - 0). Calculate the greatest common divisor of m and 32.
16
Suppose 451 = 39*k - 38*k. Suppose 0 = 5*b - 156 + k. Let p = 78 + b. Calculate the greatest common factor of p and 38.
19
Let l be 0/(-4)*(-2)/(-8). Let j be l/2 + (25 - 6). Let g = j + -10. Calculate the highest common divisor of 27 and g.
9
Let l = -1 + 7. Suppose 5*h - 451 = 3*v, 0 = 2*h - 3*v - 212 + 37. Let z = 94 - h. What is the greatest common divisor of z and l?
2
Let m(n) = -5512*n**3 - 51*n - 50. Let x be m(-1). Calculate the highest commo